{"id":10842,"date":"2026-04-29T12:09:01","date_gmt":"2026-04-29T09:09:01","guid":{"rendered":"https:\/\/inspiratio.ro\/?post_type=product&#038;p=10842"},"modified":"2026-04-29T12:16:09","modified_gmt":"2026-04-29T09:16:09","slug":"ver-bluza-tricotata-fin-din-bumbac-organic-poppy","status":"publish","type":"product","link":"https:\/\/inspiratio.ro\/en\/produs\/ver-bluza-tricotata-fin-din-bumbac-organic-poppy\/","title":{"rendered":"Bluz\u0103 tricotat\u0103 fin din bumbac organic Poppy"},"content":{"rendered":"<p>Pulover cu m\u00e2nec\u0103 scurt\u0103 tricotat fin din bumbac organic. O pies\u0103 esen\u021bial\u0103, potrivit\u0103 at\u00e2t pentru sezonul cald c\u00e2t \u0219i pentru cel rece, u\u0219or de asortat \u0219i de purtat.<\/p>\n<ul>\n<li>tricotat \u00een serie mic\u0103 din bumbac organic certificat<\/li>\n<li>anchior<\/li>\n<li>nasturi de sidef<\/li>\n<li>modelul din poze poart\u0103 m\u0103sura XS-M<\/li>\n<\/ul>\n<p>Lungime 60 cm.<\/p>\n<h3>Cur\u0103\u021bare \u0219i \u00eengrijire<\/h3>\n<p>Produsele din in \u0219i din bumbac organic se pot sp\u0103la la ma\u0219ina de sp\u0103lat, la 30 de grade, pe un program scurt.<\/p>\n<p>Produsele tricotate (excep\u021bie cele tricotate manual) se pot sp\u0103la la ma\u0219ina de sp\u0103lat, pe programul special.<\/p>\n<p>Produsele tricotate manual se spal\u0103 manual, cu mi\u0219c\u0103ri delicate \u0219i se usuc\u0103 \u00een plan orizontal.<\/p>\n<p>Produsele din c\u00e2nep\u0103 se pot sp\u0103la la ma\u0219ina de sp\u0103lat, la 30 de grade, pe un program scurt.<\/p>\n<p>Toate celelalte produse se spal\u0103 manual.<\/p>\n<h3>Sustenabilitate<\/h3>\n<p>Credem c\u0103 sustenabilitatea este despre a folosi resursele de orice fel \u00eentr-un mod responsabil.<\/p>\n<p>Folosim doar materiale naturale pentru c\u0103 sunt rezistente \u0219i sustenabile dar \u0219i pentru c\u0103 se simt minunat pe piele. Ne-am \u00eendr\u0103gostit de textura inului premium, a m\u0103t\u0103sii naturale \u0219i a celorlalte \u021bes\u0103turi naturale \u0219i suntem fericite c\u0103 alegi s\u0103 te bucuri \u0219i tu de calit\u0103\u021bile acestora.<\/p>\n<p>Toate produsele noastre sunt create \u0219i realizate \u00een Rom\u00e2nia, \u00een mici ateliere afaceri de familie.<\/p>\n<p>\u00cencerc\u0103m s\u0103 producem doar c\u00e2t este nevoie, de aceea 80% din produc\u021bia noastr\u0103 este realizat\u0103 \u00een baza comenzilor, nu facem risip\u0103 de materiale \u0219i ne preocup\u0103m constant s\u0103 cre\u0103m un model sustenabil de ne dezvolta.<\/p>\n","protected":false},"excerpt":{"rendered":"<p>Bluz\u0103<\/p>\n","protected":false},"featured_media":10847,"comment_status":"closed","ping_status":"closed","template":"","meta":[],"pwb-brand":[21],"product_brand":[283],"product_cat":[87,17],"product_tag":[],"class_list":{"0":"post-10842","1":"product","2":"type-product","3":"status-publish","4":"has-post-thumbnail","6":"pwb-brand-verlinne","7":"product_brand-verlinne","8":"product_cat-to-wear","9":"product_cat-haine-si-accesorii","10":"pa_culoare-alb-miere","11":"pa_marime-one-size","13":"first","14":"instock","15":"taxable","16":"shipping-taxable","17":"purchasable","18":"product-type-simple"},"yoast_head":"<!-- This site is optimized with the Yoast SEO plugin v26.9 - https:\/\/yoast.com\/product\/yoast-seo-wordpress\/ -->\n<title>VER Bluz\u0103 tricotat\u0103 fin din bumbac organic Poppy - Inspiratio<\/title>\n<meta name=\"description\" content=\"VER Bluz\u0103 tricotat\u0103 fin din bumbac organic Poppy\" \/>\n<meta name=\"robots\" content=\"index, follow, max-snippet:-1, max-image-preview:large, max-video-preview:-1\" \/>\n<link rel=\"canonical\" href=\"https:\/\/inspiratio.ro\/produs\/ver-bluza-tricotata-fin-din-bumbac-organic-poppy\/\" \/>\n<meta property=\"og:locale\" content=\"en_US\" \/>\n<meta property=\"og:type\" content=\"article\" \/>\n<meta property=\"og:title\" content=\"VER Bluz\u0103 tricotat\u0103 fin din bumbac organic Poppy - Inspiratio\" \/>\n<meta property=\"og:description\" content=\"VER Bluz\u0103 tricotat\u0103 fin din bumbac organic Poppy\" \/>\n<meta property=\"og:url\" content=\"https:\/\/inspiratio.ro\/produs\/ver-bluza-tricotata-fin-din-bumbac-organic-poppy\/\" \/>\n<meta property=\"og:site_name\" content=\"Inspiratio\" \/>\n<meta property=\"article:publisher\" content=\"https:\/\/www.facebook.com\/inspiratiogiftstudio\/\" \/>\n<meta property=\"article:modified_time\" content=\"2026-04-29T09:16:09+00:00\" \/>\n<meta property=\"og:image\" content=\"https:\/\/inspiratio.ro\/wp-content\/uploads\/2026\/04\/128verlinne-haine-din-in.webp\" \/>\n\t<meta property=\"og:image:width\" content=\"1000\" \/>\n\t<meta property=\"og:image:height\" content=\"1500\" \/>\n\t<meta property=\"og:image:type\" content=\"image\/webp\" \/>\n<meta name=\"twitter:card\" content=\"summary_large_image\" \/>\n<meta name=\"twitter:label1\" content=\"Est. reading time\" \/>\n\t<meta name=\"twitter:data1\" content=\"2 minutes\" \/>\n<script type=\"application\/ld+json\" class=\"yoast-schema-graph\">{\"@context\":\"https:\/\/schema.org\",\"@graph\":[{\"@type\":\"WebPage\",\"@id\":\"https:\/\/inspiratio.ro\/produs\/ver-bluza-tricotata-fin-din-bumbac-organic-poppy\/\",\"url\":\"https:\/\/inspiratio.ro\/produs\/ver-bluza-tricotata-fin-din-bumbac-organic-poppy\/\",\"name\":\"VER Bluz\u0103 tricotat\u0103 fin din bumbac organic Poppy - Inspiratio\",\"isPartOf\":{\"@id\":\"https:\/\/inspiratio.ro\/#website\"},\"primaryImageOfPage\":{\"@id\":\"https:\/\/inspiratio.ro\/produs\/ver-bluza-tricotata-fin-din-bumbac-organic-poppy\/#primaryimage\"},\"image\":{\"@id\":\"https:\/\/inspiratio.ro\/produs\/ver-bluza-tricotata-fin-din-bumbac-organic-poppy\/#primaryimage\"},\"thumbnailUrl\":\"https:\/\/inspiratio.ro\/wp-content\/uploads\/2026\/04\/128verlinne-haine-din-in.webp\",\"datePublished\":\"2026-04-29T09:09:01+00:00\",\"dateModified\":\"2026-04-29T09:16:09+00:00\",\"description\":\"VER Bluz\u0103 tricotat\u0103 fin din bumbac organic Poppy\",\"breadcrumb\":{\"@id\":\"https:\/\/inspiratio.ro\/produs\/ver-bluza-tricotata-fin-din-bumbac-organic-poppy\/#breadcrumb\"},\"inLanguage\":\"en-US\",\"potentialAction\":[{\"@type\":\"ReadAction\",\"target\":[\"https:\/\/inspiratio.ro\/produs\/ver-bluza-tricotata-fin-din-bumbac-organic-poppy\/\"]}]},{\"@type\":\"ImageObject\",\"inLanguage\":\"en-US\",\"@id\":\"https:\/\/inspiratio.ro\/produs\/ver-bluza-tricotata-fin-din-bumbac-organic-poppy\/#primaryimage\",\"url\":\"https:\/\/inspiratio.ro\/wp-content\/uploads\/2026\/04\/128verlinne-haine-din-in.webp\",\"contentUrl\":\"https:\/\/inspiratio.ro\/wp-content\/uploads\/2026\/04\/128verlinne-haine-din-in.webp\",\"width\":1000,\"height\":1500},{\"@type\":\"BreadcrumbList\",\"@id\":\"https:\/\/inspiratio.ro\/produs\/ver-bluza-tricotata-fin-din-bumbac-organic-poppy\/#breadcrumb\",\"itemListElement\":[{\"@type\":\"ListItem\",\"position\":1,\"name\":\"Shop\",\"item\":\"https:\/\/inspiratio.ro\/magazin-cadouri\/\"},{\"@type\":\"ListItem\",\"position\":2,\"name\":\"VER Bluz\u0103 tricotat\u0103 fin din bumbac organic Poppy\"}]},{\"@type\":\"WebSite\",\"@id\":\"https:\/\/inspiratio.ro\/#website\",\"url\":\"https:\/\/inspiratio.ro\/\",\"name\":\"Inspiratio\",\"description\":\"Las\u0103-te purtat de inspira\u021bie\",\"publisher\":{\"@id\":\"https:\/\/inspiratio.ro\/#organization\"},\"potentialAction\":[{\"@type\":\"SearchAction\",\"target\":{\"@type\":\"EntryPoint\",\"urlTemplate\":\"https:\/\/inspiratio.ro\/?s={search_term_string}\"},\"query-input\":{\"@type\":\"PropertyValueSpecification\",\"valueRequired\":true,\"valueName\":\"search_term_string\"}}],\"inLanguage\":\"en-US\"},{\"@type\":\"Organization\",\"@id\":\"https:\/\/inspiratio.ro\/#organization\",\"name\":\"Inspiratio\",\"url\":\"https:\/\/inspiratio.ro\/\",\"logo\":{\"@type\":\"ImageObject\",\"inLanguage\":\"en-US\",\"@id\":\"https:\/\/inspiratio.ro\/#\/schema\/logo\/image\/\",\"url\":\"https:\/\/inspiratio.ro\/wp-content\/uploads\/2020\/06\/logo-inspiratio.png\",\"contentUrl\":\"https:\/\/inspiratio.ro\/wp-content\/uploads\/2020\/06\/logo-inspiratio.png\",\"width\":232,\"height\":209,\"caption\":\"Inspiratio\"},\"image\":{\"@id\":\"https:\/\/inspiratio.ro\/#\/schema\/logo\/image\/\"},\"sameAs\":[\"https:\/\/www.facebook.com\/inspiratiogiftstudio\/\",\"https:\/\/www.instagram.com\/inspiratio_giftstudio\/\"]}]}<\/script>\n<!-- \/ Yoast SEO plugin. -->","yoast_head_json":{"title":"VER Bluz\u0103 tricotat\u0103 fin din bumbac organic Poppy - Inspiratio","description":"VER Bluz\u0103 tricotat\u0103 fin din bumbac organic Poppy","robots":{"index":"index","follow":"follow","max-snippet":"max-snippet:-1","max-image-preview":"max-image-preview:large","max-video-preview":"max-video-preview:-1"},"canonical":"https:\/\/inspiratio.ro\/produs\/ver-bluza-tricotata-fin-din-bumbac-organic-poppy\/","og_locale":"en_US","og_type":"article","og_title":"VER Bluz\u0103 tricotat\u0103 fin din bumbac organic Poppy - Inspiratio","og_description":"VER Bluz\u0103 tricotat\u0103 fin din bumbac organic Poppy","og_url":"https:\/\/inspiratio.ro\/produs\/ver-bluza-tricotata-fin-din-bumbac-organic-poppy\/","og_site_name":"Inspiratio","article_publisher":"https:\/\/www.facebook.com\/inspiratiogiftstudio\/","article_modified_time":"2026-04-29T09:16:09+00:00","og_image":[{"width":1000,"height":1500,"url":"https:\/\/inspiratio.ro\/wp-content\/uploads\/2026\/04\/128verlinne-haine-din-in.webp","type":"image\/webp"}],"twitter_card":"summary_large_image","twitter_misc":{"Est. reading time":"2 minutes"},"schema":{"@context":"https:\/\/schema.org","@graph":[{"@type":"WebPage","@id":"https:\/\/inspiratio.ro\/produs\/ver-bluza-tricotata-fin-din-bumbac-organic-poppy\/","url":"https:\/\/inspiratio.ro\/produs\/ver-bluza-tricotata-fin-din-bumbac-organic-poppy\/","name":"VER Bluz\u0103 tricotat\u0103 fin din bumbac organic Poppy - Inspiratio","isPartOf":{"@id":"https:\/\/inspiratio.ro\/#website"},"primaryImageOfPage":{"@id":"https:\/\/inspiratio.ro\/produs\/ver-bluza-tricotata-fin-din-bumbac-organic-poppy\/#primaryimage"},"image":{"@id":"https:\/\/inspiratio.ro\/produs\/ver-bluza-tricotata-fin-din-bumbac-organic-poppy\/#primaryimage"},"thumbnailUrl":"https:\/\/inspiratio.ro\/wp-content\/uploads\/2026\/04\/128verlinne-haine-din-in.webp","datePublished":"2026-04-29T09:09:01+00:00","dateModified":"2026-04-29T09:16:09+00:00","description":"VER Bluz\u0103 tricotat\u0103 fin din bumbac organic Poppy","breadcrumb":{"@id":"https:\/\/inspiratio.ro\/produs\/ver-bluza-tricotata-fin-din-bumbac-organic-poppy\/#breadcrumb"},"inLanguage":"en-US","potentialAction":[{"@type":"ReadAction","target":["https:\/\/inspiratio.ro\/produs\/ver-bluza-tricotata-fin-din-bumbac-organic-poppy\/"]}]},{"@type":"ImageObject","inLanguage":"en-US","@id":"https:\/\/inspiratio.ro\/produs\/ver-bluza-tricotata-fin-din-bumbac-organic-poppy\/#primaryimage","url":"https:\/\/inspiratio.ro\/wp-content\/uploads\/2026\/04\/128verlinne-haine-din-in.webp","contentUrl":"https:\/\/inspiratio.ro\/wp-content\/uploads\/2026\/04\/128verlinne-haine-din-in.webp","width":1000,"height":1500},{"@type":"BreadcrumbList","@id":"https:\/\/inspiratio.ro\/produs\/ver-bluza-tricotata-fin-din-bumbac-organic-poppy\/#breadcrumb","itemListElement":[{"@type":"ListItem","position":1,"name":"Shop","item":"https:\/\/inspiratio.ro\/magazin-cadouri\/"},{"@type":"ListItem","position":2,"name":"VER Bluz\u0103 tricotat\u0103 fin din bumbac organic Poppy"}]},{"@type":"WebSite","@id":"https:\/\/inspiratio.ro\/#website","url":"https:\/\/inspiratio.ro\/","name":"Inspiratio","description":"Las\u0103-te purtat de inspira\u021bie","publisher":{"@id":"https:\/\/inspiratio.ro\/#organization"},"potentialAction":[{"@type":"SearchAction","target":{"@type":"EntryPoint","urlTemplate":"https:\/\/inspiratio.ro\/?s={search_term_string}"},"query-input":{"@type":"PropertyValueSpecification","valueRequired":true,"valueName":"search_term_string"}}],"inLanguage":"en-US"},{"@type":"Organization","@id":"https:\/\/inspiratio.ro\/#organization","name":"Inspiratio","url":"https:\/\/inspiratio.ro\/","logo":{"@type":"ImageObject","inLanguage":"en-US","@id":"https:\/\/inspiratio.ro\/#\/schema\/logo\/image\/","url":"https:\/\/inspiratio.ro\/wp-content\/uploads\/2020\/06\/logo-inspiratio.png","contentUrl":"https:\/\/inspiratio.ro\/wp-content\/uploads\/2020\/06\/logo-inspiratio.png","width":232,"height":209,"caption":"Inspiratio"},"image":{"@id":"https:\/\/inspiratio.ro\/#\/schema\/logo\/image\/"},"sameAs":["https:\/\/www.facebook.com\/inspiratiogiftstudio\/","https:\/\/www.instagram.com\/inspiratio_giftstudio\/"]}]}},"brands":[{"id":21,"name":"Verlinne","slug":"verlinne"}],"_links":{"self":[{"href":"https:\/\/inspiratio.ro\/en\/wp-json\/wp\/v2\/product\/10842","targetHints":{"allow":["GET"]}}],"collection":[{"href":"https:\/\/inspiratio.ro\/en\/wp-json\/wp\/v2\/product"}],"about":[{"href":"https:\/\/inspiratio.ro\/en\/wp-json\/wp\/v2\/types\/product"}],"replies":[{"embeddable":true,"href":"https:\/\/inspiratio.ro\/en\/wp-json\/wp\/v2\/comments?post=10842"}],"wp:featuredmedia":[{"embeddable":true,"href":"https:\/\/inspiratio.ro\/en\/wp-json\/wp\/v2\/media\/10847"}],"wp:attachment":[{"href":"https:\/\/inspiratio.ro\/en\/wp-json\/wp\/v2\/media?parent=10842"}],"wp:term":[{"taxonomy":"pwb-brand","embeddable":true,"href":"https:\/\/inspiratio.ro\/en\/wp-json\/wp\/v2\/pwb-brand?post=10842"},{"taxonomy":"product_brand","embeddable":true,"href":"https:\/\/inspiratio.ro\/en\/wp-json\/wp\/v2\/product_brand?post=10842"},{"taxonomy":"product_cat","embeddable":true,"href":"https:\/\/inspiratio.ro\/en\/wp-json\/wp\/v2\/product_cat?post=10842"},{"taxonomy":"product_tag","embeddable":true,"href":"https:\/\/inspiratio.ro\/en\/wp-json\/wp\/v2\/product_tag?post=10842"}],"curies":[{"name":"wp","href":"https:\/\/api.w.org\/{rel}","templated":true}]}}

Bluză tricotată fin din bumbac organic Poppy

<p>Pulover cu mânecă scurtă tricotat fin din bumbac organic. O piesă esențială, potrivită atât pentru sezonul cald cât și pentru cel rece, ușor de asortat și de purtat.</p>
<ul>
<li>tricotat în serie mică din bumbac organic certificat</li>
<li>anchior</li>
<li>nasturi de sidef</li>
<li>modelul din poze poartă măsura XS-M</li>
</ul>
<p>Lungime 60 cm.</p>
<h3>Curățare și îngrijire</h3>
<p>Produsele din in și din bumbac organic se pot spăla la mașina de spălat, la 30 de grade, pe un program scurt.</p>
<p>Produsele tricotate (excepție cele tricotate manual) se pot spăla la mașina de spălat, pe programul special.</p>
<p>Produsele tricotate manual se spală manual, cu mișcări delicate și se usucă în plan orizontal.</p>
<p>Produsele din cânepă se pot spăla la mașina de spălat, la 30 de grade, pe un program scurt.</p>
<p>Toate celelalte produse se spală manual.</p>
<h3>Sustenabilitate</h3>
<p>Credem că sustenabilitatea este despre a folosi resursele de orice fel într-un mod responsabil.</p>
<p>Folosim doar materiale naturale pentru că sunt rezistente și sustenabile dar și pentru că se simt minunat pe piele. Ne-am îndrăgostit de textura inului premium, a mătăsii naturale și a celorlalte țesături naturale și suntem fericite că alegi să te bucuri și tu de calitățile acestora.</p>
<p>Toate produsele noastre sunt create și realizate în România, în mici ateliere afaceri de familie.</p>
<p>Încercăm să producem doar cât este nevoie, de aceea 80% din producția noastră este realizată în baza comenzilor, nu facem risipă de materiale și ne preocupăm constant să creăm un model sustenabil de ne dezvolta.</p>

<p>Bluză</p>

<!-- This site is optimized with the Yoast SEO plugin v26.9 - https://yoast.com/product/yoast-seo-wordpress/ -->
<title>VER Bluză tricotată fin din bumbac organic Poppy - Inspiratio</title>
<meta name="description" content="VER Bluză tricotată fin din bumbac organic Poppy" />
<meta name="robots" content="index, follow, max-snippet:-1, max-image-preview:large, max-video-preview:-1" />
<link rel="canonical" href="https://inspiratio.ro/produs/ver-bluza-tricotata-fin-din-bumbac-organic-poppy/" />
<meta property="og:locale" content="en_US" />
<meta property="og:type" content="article" />
<meta property="og:title" content="VER Bluză tricotată fin din bumbac organic Poppy - Inspiratio" />
<meta property="og:description" content="VER Bluză tricotată fin din bumbac organic Poppy" />
<meta property="og:url" content="https://inspiratio.ro/produs/ver-bluza-tricotata-fin-din-bumbac-organic-poppy/" />
<meta property="og:site_name" content="Inspiratio" />
<meta property="article:publisher" content="https://www.facebook.com/inspiratiogiftstudio/" />
<meta property="article:modified_time" content="2026-04-29T09:16:09+00:00" />
<meta property="og:image" content="https://inspiratio.ro/wp-content/uploads/2026/04/128verlinne-haine-din-in.webp" />
	<meta property="og:image:width" content="1000" />
	<meta property="og:image:height" content="1500" />
	<meta property="og:image:type" content="image/webp" />
<meta name="twitter:card" content="summary_large_image" />
<meta name="twitter:label1" content="Est. reading time" />
	<meta name="twitter:data1" content="2 minutes" />
<script type="application/ld+json" class="yoast-schema-graph">{"@context":"https://schema.org","@graph":[{"@type":"WebPage","@id":"https://inspiratio.ro/produs/ver-bluza-tricotata-fin-din-bumbac-organic-poppy/","url":"https://inspiratio.ro/produs/ver-bluza-tricotata-fin-din-bumbac-organic-poppy/","name":"VER Bluză tricotată fin din bumbac organic Poppy - Inspiratio","isPartOf":{"@id":"https://inspiratio.ro/#website"},"primaryImageOfPage":{"@id":"https://inspiratio.ro/produs/ver-bluza-tricotata-fin-din-bumbac-organic-poppy/#primaryimage"},"image":{"@id":"https://inspiratio.ro/produs/ver-bluza-tricotata-fin-din-bumbac-organic-poppy/#primaryimage"},"thumbnailUrl":"https://inspiratio.ro/wp-content/uploads/2026/04/128verlinne-haine-din-in.webp","datePublished":"2026-04-29T09:09:01+00:00","dateModified":"2026-04-29T09:16:09+00:00","description":"VER Bluză tricotată fin din bumbac organic Poppy","breadcrumb":{"@id":"https://inspiratio.ro/produs/ver-bluza-tricotata-fin-din-bumbac-organic-poppy/#breadcrumb"},"inLanguage":"en-US","potentialAction":[{"@type":"ReadAction","target":["https://inspiratio.ro/produs/ver-bluza-tricotata-fin-din-bumbac-organic-poppy/"]}]},{"@type":"ImageObject","inLanguage":"en-US","@id":"https://inspiratio.ro/produs/ver-bluza-tricotata-fin-din-bumbac-organic-poppy/#primaryimage","url":"https://inspiratio.ro/wp-content/uploads/2026/04/128verlinne-haine-din-in.webp","contentUrl":"https://inspiratio.ro/wp-content/uploads/2026/04/128verlinne-haine-din-in.webp","width":1000,"height":1500},{"@type":"BreadcrumbList","@id":"https://inspiratio.ro/produs/ver-bluza-tricotata-fin-din-bumbac-organic-poppy/#breadcrumb","itemListElement":[{"@type":"ListItem","position":1,"name":"Shop","item":"https://inspiratio.ro/magazin-cadouri/"},{"@type":"ListItem","position":2,"name":"VER Bluză tricotată fin din bumbac organic Poppy"}]},{"@type":"WebSite","@id":"https://inspiratio.ro/#website","url":"https://inspiratio.ro/","name":"Inspiratio","description":"Lasă-te purtat de inspirație","publisher":{"@id":"https://inspiratio.ro/#organization"},"potentialAction":[{"@type":"SearchAction","target":{"@type":"EntryPoint","urlTemplate":"https://inspiratio.ro/?s={search_term_string}"},"query-input":{"@type":"PropertyValueSpecification","valueRequired":true,"valueName":"search_term_string"}}],"inLanguage":"en-US"},{"@type":"Organization","@id":"https://inspiratio.ro/#organization","name":"Inspiratio","url":"https://inspiratio.ro/","logo":{"@type":"ImageObject","inLanguage":"en-US","@id":"https://inspiratio.ro/#/schema/logo/image/","url":"https://inspiratio.ro/wp-content/uploads/2020/06/logo-inspiratio.png","contentUrl":"https://inspiratio.ro/wp-content/uploads/2020/06/logo-inspiratio.png","width":232,"height":209,"caption":"Inspiratio"},"image":{"@id":"https://inspiratio.ro/#/schema/logo/image/"},"sameAs":["https://www.facebook.com/inspiratiogiftstudio/","https://www.instagram.com/inspiratio_giftstudio/"]}]}</script>
<!-- / Yoast SEO plugin. -->

VER Bluză tricotată fin din bumbac organic Poppy - Inspiratio

VER Bluză tricotată fin din bumbac organic Poppy

Lasă-te purtat de inspirație
